True
Is 449 a prime number?
True
Is 18269 prime?
True
Is 42457 composite?
False
Is 133261 a composite number?
False
Is 151103 composite?
True
Is 11901 prime?
False
Is 48893 a prime number?
False
Is 767479 prime?
False
Is 37483 a prime number?
True
Is 15685 prime?
False
Is 45755 a composite number?
True
Is 45233 a prime number?
True
Is 319 a composite number?
True
Is 231289 composite?
False
Is 3299 prime?
True
Is 467867 a prime number?
True
Is 37279 prime?
False
Is 5437 composite?
False
Is 216871 prime?
False
Is 1563067 a prime number?
False
Is 330137 prime?
False
Is 16001 a composite number?
False
Is 73279 a composite number?
True
Is 150737 a prime number?
False
Is 2723 a composite number?
True
Is 77465 composite?
True
Is 199081 composite?
False
Is 27403 a prime number?
False
Is 32117 a prime number?
True
Is 20455 a prime number?
False
Is 124573 a prime number?
False
Is 143291 a prime number?
True
Is 74071 prime?
True
Is 1794799 a composite number?
True
Is 622807 a composite number?
True
Is 418195 prime?
False
Is 72211 a prime number?
True
Is 68023 prime?
True
Is 9767 a prime number?
True
Is 16183 prime?
True
Is 50143 a composite number?
True
Is 81331 composite?
False
Is 69353 prime?
False
Is 1679 a composite number?
True
Is 40343 composite?
False
Is 92113 prime?
False
Is 3761 composite?
False
Is 126421 a composite number?
False
Is 794059 a prime number?
False
Is 2811 a composite number?
True
Is 310081 a composite number?
False
Is 6403 prime?
False
Is 41867 prime?
False
Is 23753 prime?
True
Is 38765 a prime number?
False
Is 520435 a composite number?
True
Is 3643031 a composite number?
True
Is 39823 composite?
True
Is 166657 composite?
False
Is 49483 a composite number?
True
Is 26447 a prime number?
False
Is 18397 composite?
False
Is 243467 a composite number?
True
Is 2490079 a prime number?
True
Is 1439 prime?
True
Is 29611 prime?
True
Is 22613 a composite number?
False
Is 183587 a prime number?
True
Is 110893 composite?
True
Is 9337 composite?
False
Is 56783 a composite number?
False
Is 190349 composite?
True
Is 577901 composite?
False
Is 11677 composite?
False
Is 22809 composite?
True
Is 14073 a prime number?
False
Is 34283 a composite number?
False
Is 4441 composite?
False
Is 508238 composite?
True
Is 87037 a composite number?
False
Is 176005 a composite number?
True
Is 2613521 a composite number?
False
Is 305401 a composite number?
False
Is 175187 composite?
True
Is 1288102 prime?
False
Is 3 prime?
True
Is 1140533 composite?
False
Is 53335 a prime number?
False
Is 763107 prime?
False
Is 143909 prime?
True
Is 8743 a composite number?
True
Is 2579 a prime number?
True
Is 4078 prime?
False
Is 13649 a composite number?
False
Is 3761 prime?
True
Is 69539 a composite number?
False
Is 1124845 prime?
False
Is 9967 prime?
True
Is 276319 a composite number?
False
Is 1642423 prime?
True
Is 5201 prime?
False
Is 16493 a composite number?
False
Is 2741 a composite number?
False
Is 189481 prime?
False
Is 16871 prime?
True
Is 27629 composite?
True
Is 2939 a prime number?
True
Is 16793 prime?
False
Is 14761 a prime number?
False
Is 41977 composite?
True
Is 53147 prime?
True
Is 10237 composite?
True
Is 380967 prime?
False
Is 159527 a composite number?
True
Is 254543 prime?
False
Is 9059 prime?
True
Is 226 prime?
False
Is 82417 composite?
True
Is 23117 composite?
False
Is 51559 prime?
False
Is 1507 a prime number?
False
Is 2117 a prime number?
False
Is 17179 composite?
True
Is 284857 a composite number?
False
Is 71471 composite?
False
Is 72139 prime?
True
Is 9731 prime?
False
Is 3080503 a composite number?
False
Is 1636247 prime?
False
Is 70801 composite?
True
Is 514333 a prime number?
True
Is 106423 prime?
False
Is 453617 composite?
False
Is 298421 prime?
False
Is 12373 prime?
True
Is 384017 composite?
False
Is 62209 composite?
True
Is 2333 a prime number?
True
Is 81311 composite?
True
Is 619538 prime?
False
Is 9065613 a prime number?
False
Is 174095 a prime number?
False
Is 1031 prime?
True
Is 239731 prime?
True
Is 262898 composite?
True
Is 3643 a prime number?
True
Is 183137 a composite number?
True
Is 1757 prime?
False
Is 25813 composite?
True
Is 218797 a composite number?
False
Is 160477 a composite number?
True
Is 1835 prime?
False
Is 114113 a composite number?
False
Is 311063 composite?
True
Is 31469 a prime number?
True
Is 2581 composite?
True
Is 2153 prime?
True
Is 21169 a composite number?
False
Is 703169 a prime number?
True
Is 194141 composite?
False
Is 18215 prime?
False
Is 34577 a prime number?
False
Is 73079 a composite number?
False
Is 34351 a composite number?
False
Is 647417 a prime number?
True
Is 4151 a composite number?
True
Is 540395 a prime number?
False
Is 14971 composite?
True
Is 43663 a prime number?
False
Is 3584681 composite?
False
Is 56517 a prime number?
False
Is 458477 a composite number?
False
Is 23773 composite?
False
Is 208099 a composite number?
False
Is 138863 a prime number?
True
Is 367921 prime?
False
Is 1255 a prime number?
False
Is 171571 prime?
True
Is 1163401 a prime number?
False
Is 14107 a prime number?
True
Is 243623 prime?
True
Is 148357 composite?
True
Is 327797 a prime number?
True
Is 531381 prime?
False
Is 2595595 a prime number?
False
Is 134245 composite?
True
Is 7283 composite?
False
Is 32173 composite?
False
Is 101482 prime?
False
Is 88079 prime?
True
Is 976211 a composite number?
False
Is 4769 a prime number?
False
Is 15689 prime?
False
Is 16934 a prime number?
False
Is 119651 a composite number?
True
Is 45403 composite?
False
Is 16973 a composite number?
True
Is 206659 a composite number?
True
Is 114041 a prime number?
True
Is 1325705 composite?
True
Is 29941 a prime number?
False
Is 6127 a composite number?
True
Is 111427 prime?
True
Is 195205 a prime number?
False
Is 17133 composite?
True
Is 17049 composite?
True
Is 212371 a prime number?
False
Is 180569 composite?
False
Is 34519 a composite number?
False
Is 32647 composite?
False
Is 3793 a prime number?
True
Is 231529 a composite number?
False
Is 20877 a prime number?
False
Is 4279 composite?
True
Is 10651 a composite number?
False
Is 2809 composite?
True
Is 1210189 a prime number?
False
Is 45647 a prime number?
False
Is 923 prime?
False
Is 6911 a prime number?
True
Is 1965781 a prime number?
True
Is 191741 prime?
False
Is 23354 prime?
False
Is 576691 a prime number?
False
Is 14071 composite?
False
Is 67297 prime?
False
Is 23549 a composite number?
False
Is 532139 a prime number?
False
Is 1893571 a prime number?
False
Is 19247 composite?
True
Is 6521 a composite number?
False
Is 34415 prime?
False
Is 720061 composite?
True
Is 602711 composite?
False
Is 6563 prime?
True
Is 51763 a prime number?
False
Is 67109 a composite number?
True
Is 27991 prime?
False
Is 1178261 composite?
True
Is 66337 a composite number?
False
Is 11671 composite?
True
Is 12581 prime?
False
Is 10331 a composite number?
False
Is 771478 composite?
True
Is 103811 a composite number?
False
Is 89489 a composite number?
True
Is 26171 composite?
False
Is 4729 a composite number?
False
Is 78829 a composite number?
True
Is 135089 a prime number?
True
Is 6185 a prime number?
False
Is 8509 a prime number?
False
Is 7499 prime?
True
Is 496391 composite?
True
Is 33011 a composite number?
True
Is 488923 a prime number?
False
Is 383957 a composite number?
True
Is 37747 prime?
True
Is 673 a prime number?
True
Is 2627 composite?
True
Is 487363 a prime number?
True
Is 113237 composite?
True
Is 15637 a composite number?
True
Is 11917 a prime number?
False
Is 63451 composite?
True
Is 9587 composite?
False
Is 66277 a composite number?
True
Is 8053 a composite number?
False
Is 486073 prime?
False
Is 7993 a composite number?
False
Is 7841 a prime number?
True
Is 74303 prime?
False
Is 27827 prime?
True
Is 30931 a composite number?
False
Is 7451 a prime number?
True
Is 1829 composite?
True
Is 212165 composite?
True
Is 131413 a prime number?
True
Is 31829 a prime number?
False
Is 2844367 a composite number?
False
Is 459226 a prime number?
False
Is 36605 a composite number?
True
Is 148259 a composite number?
True
Is 2305709 a composite number?
True
Is 41353 a composite number?
True
Is 394466 composite?
True
Is 284261 prime?
True
Is 137567 a composite number?
False
Is 1157669 composite?
False
Is 51713 pr